{"id":258,"date":"2023-07-27T09:15:00","date_gmt":"2023-07-27T09:15:00","guid":{"rendered":"https:\/\/bw-hh.de\/?page_id=258"},"modified":"2023-08-16T12:12:12","modified_gmt":"2023-08-16T12:12:12","slug":"ueber-uns-2","status":"publish","type":"page","link":"https:\/\/bw-hh.de\/?page_id=258","title":{"rendered":"\u00dcber uns"},"content":{"rendered":"<div class=\"fusion-fullwidth fullwidth-box fusion-builder-row-1 fusion-flex-container has-pattern-background has-mask-background nonhundred-percent-fullwidth non-hundred-percent-height-scrolling\" style=\"--awb-border-radius-top-left:0px;--awb-border-radius-top-right:0px;--awb-border-radius-bottom-right:0px;--awb-border-radius-bottom-left:0px;--awb-flex-wrap:wrap;\" ><div class=\"fusion-builder-row fusion-row fusion-flex-align-items-flex-start fusion-flex-content-wrap\" style=\"max-width:1248px;margin-left: calc(-4% \/ 2 );margin-right: calc(-4% \/ 2 );\"><div class=\"fusion-layout-column fusion_builder_column fusion-builder-column-0 fusion_builder_column_1_1 1_1 fusion-flex-column\" style=\"--awb-bg-size:cover;--awb-width-large:100%;--awb-margin-top-large:0px;--awb-spacing-right-large:1.92%;--awb-margin-bottom-large:20px;--awb-spacing-left-large:1.92%;--awb-width-medium:100%;--awb-order-medium:0;--awb-spacing-right-medium:1.92%;--awb-spacing-left-medium:1.92%;--awb-width-small:100%;--awb-order-small:0;--awb-spacing-right-small:1.92%;--awb-spacing-left-small:1.92%;\"><div class=\"fusion-column-wrapper fusion-column-has-shadow fusion-flex-justify-content-flex-start fusion-content-layout-column\"><div class=\"fusion-separator fusion-full-width-sep\" style=\"align-self: center;margin-left: auto;margin-right: auto;margin-top:100px;width:100%;\"><div class=\"fusion-separator-border sep-double\" style=\"--awb-height:20px;--awb-amount:20px;border-color:var(--awb-color3);border-top-width:1px;border-bottom-width:1px;\"><\/div><\/div><div class=\"fusion-text fusion-text-1\" style=\"--awb-margin-top:25px;\"><h4>Aufgaben und Ziel des Bildungswerkes<\/h4>\n<p><span style=\"color: var(--awb-text-color); font-family: var(--awb-text-font-family); font-size: var(--awb-font-size); font-style: var(--awb-text-font-style); font-weight: var(--awb-text-font-weight); letter-spacing: var(--awb-letter-spacing); text-align: var(--awb-content-alignment); text-transform: var(--awb-text-transform); background-color: var(--awb-bg-color-hover);\">Unser Verein m\u00f6chte Jugendliche und junge Erwachsene aus dem Landkreis Bad Kreuznach bei der Aufarbeitung der Lebensgeschichte des NS-Opfers Heinz Hesd\u00f6rffer unterst\u00fctzen und begleiten. Durch diese Arbeit soll sein Leben f\u00fcr nachfolgende Generationen lebendig bleiben. Durch die Aufarbeitung setzen sich die jungen Menschen mit den Verbrechen des Nationalsozialismus auseinander. Zugleich sollen sie gegen jegliche Diskriminierung in der Gesellschaft sensibilisiert werden.<\/span><\/p>\n<p>Das Bildungswerk Heinz Hesd\u00f6rffer e.V. unterst\u00fctzt diese Arbeit auf vielf\u00e4ltige Art und Weise:<\/p>\n<ol>\n<li>F\u00f6rderung von Studienfahrten von Jugendlichen und jungen Erwachsenen zu Orten, die in besonderer Weise mit dem Nationalsozialismus oder die mit Heinz Hesd\u00f6rffer w\u00e4hrend dieser Zeit in Verbindung stehen.<\/li>\n<li>Aufarbeitung der j\u00fcdischen Geschichte in Bad Kreuznach bis 1945 durch Jugendliche und junge Erwachsene. Hierzu z\u00e4hlen insbesondere Projektfahrten, Seminare, Workshops, Projektarbeiten und die Aufarbeitung von Literatur und anderen Exponaten insbesondere im Stadtarchiv der Stadt Bad Kreuznach.<\/li>\n<li>Dokumentation und Ver\u00f6ffentlichung der gef\u00f6rderten Ma\u00dfnahmen. Dies kann in Schrift, Ton, Foto, Video, Internet oder anderer Art, z.B. Referate und Hausarbeiten, Ver\u00f6ffentlichung in Sch\u00fcler-, Studentenzeitschriften oder sonstigen Jugendzeitschriften, Funk- oder Fernsehsendungen, Bild- oder Tontr\u00e4gern, Webseiten, graphischer oder plastischer Darstellungen erfolgen.<\/li>\n<li>Geeignete umfassende Presse- und \u00d6ffentlichkeitsarbeit zur Arbeit des Vereins.<\/li>\n<li>F\u00f6rderung von Ausstellungen oder Performances mit entsprechender Thematik.<\/li>\n<li>Organisatorische, ideelle und materielle F\u00f6rderung weiterer Projekte und Ma\u00dfnahmen, die der Vorstand oder die Mitgliederversammlung mit einfacher Mehrheit als im Sinne des Vereinszwecks befindet.<\/li>\n<li>Zusammenarbeit mit Vereinen und Arbeitsgemeinschaften die den Zweck des Vereins erf\u00fcllen.<\/li>\n<\/ol>\n<h4><span style=\"font-size: 20px;\" data-fusion-font=\"true\">Unser Verein erf\u00fcllt die Voraussetzungen des Gemeinn\u00fctzigkeitsrechts. Spenden werden von uns gesammelt und dann den einzelnen durch uns bewilligten Projekten weitergeleitet. Wir versuchen jedes Jahr f\u00fcr Projekte mit Jugendlichen und jungen Erwachsenen bis zu 40.000,&#8211; Euro zur Verf\u00fcgung zu stellen. Das ist m\u00f6glich, wenn auch Sie uns hierbei <\/span><a href=\"https:\/\/bw-hh.de\/?page_id=126\"><span style=\"color: #ff0000; font-size: 20px;\" data-fusion-font=\"true\">unterst\u00fctzen<\/span><\/a><span style=\"font-size: 20px;\" data-fusion-font=\"true\"> m\u00f6chten.<\/span><\/h4>\n<p><strong><span style=\"color: #000000;\">Planen Sie gerade ein Projekt und fehlt Ihnen noch ein Teil Ihrer Finanzierung? Dann finden Sie<\/span> <a href=\"https:\/\/bw-hh.de\/?page_id=13\"><span style=\"color: #f70000;\">hier<\/span><\/a> <span style=\"color: #000000;\">in den &#8222;F\u00f6rderkriterien&#8220; alle notwendigen Informationen und auch das dazugeh\u00f6rige Antragsformular.<\/span><\/strong><\/p>\n<\/div><\/div><\/div><\/div><\/div>\n","protected":false},"excerpt":{"rendered":"","protected":false},"author":1,"featured_media":0,"parent":0,"menu_order":0,"comment_status":"closed","ping_status":"closed","template":"100-width.php","meta":{"footnotes":""},"class_list":["post-258","page","type-page","status-publish","hentry"],"_links":{"self":[{"href":"https:\/\/bw-hh.de\/index.php?rest_route=\/wp\/v2\/pages\/258","targetHints":{"allow":["GET"]}}],"collection":[{"href":"https:\/\/bw-hh.de\/index.php?rest_route=\/wp\/v2\/pages"}],"about":[{"href":"https:\/\/bw-hh.de\/index.php?rest_route=\/wp\/v2\/types\/page"}],"author":[{"embeddable":true,"href":"https:\/\/bw-hh.de\/index.php?rest_route=\/wp\/v2\/users\/1"}],"replies":[{"embeddable":true,"href":"https:\/\/bw-hh.de\/index.php?rest_route=%2Fwp%2Fv2%2Fcomments&post=258"}],"version-history":[{"count":30,"href":"https:\/\/bw-hh.de\/index.php?rest_route=\/wp\/v2\/pages\/258\/revisions"}],"predecessor-version":[{"id":716,"href":"https:\/\/bw-hh.de\/index.php?rest_route=\/wp\/v2\/pages\/258\/revisions\/716"}],"wp:attachment":[{"href":"https:\/\/bw-hh.de\/index.php?rest_route=%2Fwp%2Fv2%2Fmedia&parent=258"}],"curies":[{"name":"wp","href":"https:\/\/api.w.org\/{rel}","templated":true}]}}